7
Let l(j) = -90*j**2 - 814*j + 10. Determine l(-9).
46
Let n(c) = 2*c**3 + c**2 - 21*c - 50. What is n(-3)?
-32
Let x(y) = 14*y + 531. Give x(-44).
-85
Let r(t) = 5*t**2 - 47*t - 235. Give r(-4).
33
Let c(j) = -j**2 - 69*j - 1159. Give c(-28).
-11
Let i(q) = -67*q + 1598. Give i(25).
-77
Let i(o) = 5*o**2 + 40*o + 30. Calculate i(-7).
-5
Let u(l) = -15*l + 704. Calculate u(63).
-241
Let w(f) = -17*f**2 + 107*f. What is w(6)?
30
Let t(u) = 328*u - 110. Give t(0).
-110
Let t(z) = -30*z - 1470. What is t(-50)?
30
Let m(o) = 5*o**2 + 58*o + 82. What is m(-6)?
-86
Let v(x) = -65*x**3 + 70*x**2 - 5*x - 3. Calculate v(1).
-3
Let q(f) = -f**2 + 43*f - 307. What is q(33)?
23
Let f(l) = -l**2 - 143*l - 3732. Calculate f(-109).
-26
Let t(z) = -9*z**2 + 8*z + 24. Calculate t(-4).
-152
Let x(k) = k**3 - 14*k**2 - 173*k - 63. Calculate x(22).
3
Let f(l) = -12*l**2 + 329*l + 331. Calculate f(-1).
-10
Let m(a) = 2*a**3 - 3*a**2 - 8*a + 10. Calculate m(3).
13
Let g(a) = -2*a + 63. Give g(-3).
69
Let d(q) = -4*q**3 - q**2 - 5*q - 1. Calculate d(-2).
37
Let l(s) = -s**3 - 5*s**2 - 10*s - 38. Give l(7).
-696
Let n(f) = f**3 - 3*f**2 - 32*f - 336. Give n(10).
44
Let j(r) = -24*r**3 + 3*r**2 + 8*r - 7. Determine j(2).
-171
Let p(h) = -h**2 - 35*h + 147. Give p(5).
-53
Let t(w) = -881*w + 2682. Give t(3).
39
Let d(f) = 3763*f - 18775. What is d(5)?
40
Let s(r) = -r**2 - 11*r + 260. Give s(13).
-52
Let q(s) = -13*s**2 + 13*s - 47. What is q(5)?
-307
Let f(c) = -3*c**2 + 141*c + 302. Calculate f(49).
8
Let f(g) = -2*g**2 + 79*g - 110. Give f(43).
-411
Let b(p) = 39*p + 194. Give b(-5).
-1
Let c(u) = u**3 - 6*u**2 + 30*u - 37. Calculate c(2).
7
Let b(v) = 335*v - 15745. Give b(47).
0
Let l(r) = -r**3 - 20*r**2 - 88*r + 40. Determine l(-17).
669
Let c(q) = q - 28. Determine c(44).
16
Let x(n) = -n**2 - 28*n + 137. Determine x(4).
9
Let d(z) = -z**3 + 29*z**2 + z + 41. What is d(29)?
70
Let c(d) = -2*d**3 - 33*d**2 + 13*d - 37. Give c(-17).
31
Let w(f) = 4*f**2 + 21*f - 93. Determine w(4).
55
Let o(u) = u**2 + 9*u + 82. What is o(-14)?
152
Let r(l) = l**3 - 10*l**2 + l - 25. Give r(10).
-15
Let n(s) = s**2 + 5*s + 1. Give n(-4).
-3
Let d(c) = 6*c**2 + 40*c + 4. What is d(-6)?
-20
Let f(g) = 4*g**3 + 55*g**2 + 82*g - 20. What is f(-12)?
4
Let s(a) = -3*a**3 - 4*a**2 + 14*a - 66. What is s(5)?
-471
Let f(z) = 6*z + 229. Determine f(4).
253
Let l(r) = r**3 - 55*r**2 - 419*r - 896. Determine l(62).
34
Let q(j) = -j**2 + 748*j + 3022. Give q(-4).
14
Let i(l) = l**3 + 25*l**2 + 81*l + 2. What is i(-21)?
65
Let i(k) = 779*k - 55323. Determine i(71).
-14
Let f(u) = 15*u + 106. Give f(-8).
-14
Let v(a) = 16*a - 294. Determine v(17).
-22
Let m(c) = -c**2 + 14*c + 2. Calculate m(24).
-238
Let r(n) = n**2 + 143*n + 1328. Determine r(-133).
-2
Let l(j) = 6*j - 129. Calculate l(21).
-3
Let z(b) = 52*b - 1370. Give z(36).
502
Let d(x) = x**3 + 8*x**2 - 3*x - 116. Calculate d(-6).
-26
Let x(p) = -3*p**2 + 8*p + 207. Calculate x(-17).
-796
Let n(v) = -v**3 + 21*v**2 - 52*v + 366. What is n(18)?
402
Let b(c) = -29*c**2 + 48*c + 237. Calculate b(-6).
-1095
Let y(m) = -10*m + 97. Calculate y(7).
27
Let i(v) = 8*v**3 + v**2 - 2*v - 12. What is i(2)?
52
Let c(a) = -111*a - 795. Determine c(-7).
-18
Let h(k) = k**3 + 36*k**2 + 3*k - 58. Determine h(-36).
-166
Let z(m) = -16401*m - 32800. What is z(-2)?
2
Let c(v) = -24*v + 494. Calculate c(26).
-130
Let p(x) = -x**3 - 14*x**2 - 191*x - 1150. Calculate p(-8).
-6
Let i(j) = -j**3 - 58*j**2 - 269*j - 198. Determine i(-53).
14
Let w(a) = -5*a**2 + 364*a + 436. Calculate w(74).
-8
Let v(b) = -11*b**2 - 38*b + 39. Determine v(1).
-10
Let i(d) = -3*d**3 + 141*d**2 - 83*d + 3873. Calculate i(47).
-28
Let q(s) = -2*s**3 + 165*s**2 + 81*s + 175. Give q(83).
9
Let n(u) = -2*u**3 + 43*u**2 + 11*u - 366. Give n(3).
0
Let x(y) = -24*y**2 + 190*y + 13. What is x(8)?
-3
Let l(i) = -i**3 - 6*i**2 - 3*i - 295. Determine l(-9).
-25
Let r(f) = f**3 - 7*f**2 - 70*f - 4. Calculate r(-6).
-52
Let d(v) = 6*v**3 + 242*v**2 + 32*v - 1925. Determine d(-40).
-5
Let d(n) = 2*n**2 + 16*n - 172. Determine d(6).
-4
Let d(z) = 1086*z + 5433. Give d(-5).
3
Let w(l) = -l**3 - 8*l**2 + 173*l + 36. Determine w(-18).
162
Let j(h) = 8*h**2 + 1002*h - 761. Give j(-126).
-5
Let n(t) = 100*t + 8297. Calculate n(-83).
-3
Let f(a) = 19*a - 82. Determine f(-2).
-120
Let b(v) = -2*v**3 - 104*v**2 + 698*v + 93. Calculate b(-58).
-23
Let o(h) = -461*h - 7400. Determine o(-16).
-24
Let d(y) = -13*y**3 - 17*y**2 - 71*y - 6. Give d(-4).
838
Let a(n) = -101*n - 3. Give a(-1).
98
Let l(s) = 23*s**2 - 228*s - 31. What is l(9)?
-220
Let n(c) = -c**3 - 39*c**2 + 384*c - 440. Determine n(7).
-6
Let b(m) = -3*m**3 - 25*m**2 - 146*m - 1098. Calculate b(-8).
6
Let v(i) = -1718*i + 1699. Give v(1).
-19
Let k(o) = 2*o**2 + 49*o + 320. Calculate k(-16).
48
Let f(i) = 3*i**2 + 11*i + 2. Give f(9).
344
Let z(g) = -16*g - 248. What is z(-10)?
-88
Let n(m) = m**2 - 6*m + 16. What is n(4)?
8
Let x(j) = -j**3 + 9*j**2 - 56*j + 225. Calculate x(7).
-69
Let z(d) = -2*d**3 + 19*d**2 + 12*d - 10. Give z(10).
10
Let z(p) = -p**2 + 50*p + 152. Calculate z(53).
-7
Let i(g) = 618*g + 525. Determine i(-1).
-93
Let d(i) = -19*i**2 - 272*i + 41. What is d(-14)?
125
Let g(r) = 2*r**2 - 588*r - 2371. Calculate g(-4).
13
Let h(p) = -2*p**2 - 1281*p + 14350. Give h(11).
17
Let o(d) = -3118*d - 24901. Calculate o(-8).
43
Let m(h) = -4*h**3 - 206*h**2 + 79*h - 1297. Determine m(-52).
3
Let l(v) = 2*v**2 + 708*v + 21752. What is l(-34)?
-8
Let s(z) = 4*z**2 + 9*z + 117. Give s(-9).
360
Let b(y) = 44*y - 561. Calculate b(30).
759
Let u(m) = -485*m - 9221. Determine u(-19).
-6
Let k(z) = -55*z**2 + 5*z + 6. Give k(-1).
-54
Let i(g) = -g**3 + 10*g**2 + 10*g + 8. Give i(12).
-160
Let y(q) = q**2 + 14*q - 5147. Determine y(65).
-12
Let c(k) = -30*k**2 + 8. Calculate c(-2).
-112
Let n(y) = 2*y**3 - 16*y**2 + 25*y - 13. What is n(6)?
-7
Let r(w) = -5*w**3 - 137*w**2 - 473*w - 25. Determine r(-4).
-5
Let g(i) = -i**3 + 18*i**2 - 80*i + 38. Give g(11).
5
Let h(j) = -40*j + 648. Determine h(17).
-32
Let n(j) = j**2 + 41*j - 317. Calculate n(-47).
-35
Let u(b) = 25*b + 471. Give u(-23).
-104
Let x(g) = -g**2 - 43*g - 206. What is x(-38)?
-16
Let q(l) = -l**2 + 14*l + 246. Determine q(-12).
-66
Let m(k) = k**2 - 21*k + 63. Calculate m(15).
-27
Let a(k) = -8*k**2 + 214*k + 60. Calculate a(27).
6
Let i(m) = -301*m - 1465. What is i(-5)?
40
Let i(q) = -2*q**2 - 190*q - 1064. What is i(-6)?
4
Let x(h) = 199*h + 9. Determine x(0).
9
Let c(l) = l**3 + 11*l**2 + 7*l + 30. What is c(-12)?
-198
Let z(n) = n**3 - 45*n**2 + 262*n + 133. Give z(38).
-19
Let g(k) = 2902*k - 23208. Give g(8).
8
Let d(u) = u**3 - 4*u**2 - 16*u + 58. Calculate d(5).
3
Let c(l) = -l**3 + 42*l**2 + 35*l + 339. Give c(43).
-5
Let r(k) = -4*k**3 + 23*k**2 - 21*k + 163. Give r(6).
1
Let o(x) = x**3 + 11*x**2 + 140*x + 943. What is o(-8)?
15
Let m(k) = -25*k - 1056. Give m(-42).
-6
Let s(v) = 36285*v + 181432. Calculate s(-5).
7
Let v(h) = -4*h**3 - 241*h**2 + 435*h + 57. What is v(-62)?
-5
Let b(x) = -x**2 + 550*x + 3. Determine b(0).
3
Let y(i) = 3*i**2 + 475*i + 160. What is y(-158)?
2
Let p(v) = -108*v**2 + 1723*v + 81. Determine p(16).
1
Let n(w) = 3*w**3 + 20*w**2 - 35*w + 18. What is n(-8)?
42
Let v(j) = 25*j + 475. Determine v(-19).
0
Let z(l) = -2*l**2 - 157*l + 248. Calculate z(-80).
8
Let u(a) = 2*a**2 - 15*a - 634. Give u(32).
934
Let b(d) = -d**3 - 96*d**2 + 13*d + 1305. Calculate b(-96).
57
Let g(i) = -3*i**2 + 213*i + 656. Calculate g(-3).
-10
Let k(y) = 2*y**3 - 12*y**2 - 36*y + 1. Give k(8).
-31
Let p(t) = -t**2 + 401*t + 27661. Calculate p(-60).
1
Let i(c) = 1249*c + 3741. Calculate i(-3).
-6
Let l(f) = -4*f**3 + 18*f - 10. Calculate l(5).
-420
Let g(b) = -2*b**2 + 211*b - 419. Give g(2).
-5
Let v(f) = 33*f**3 + 3*f**2 - 2*f + 10. What is v(2)?
282
Let l(v) = 5*v**2 + 67*v - 1381. What is l(-24)?
-109
Let k(x) = -x**3 - 57*x**2 + 64*x - 659. Determine k(-58).
-1007
Let b(p) = -27*p + 763. What is b(28)?
7
Let d(t) = -t - 16. What is d(-16)?
0
Let j(f) = -2*f**3 + 10*f**2 - 14*f + 11. Calculate j(4).
-13
Let z(h) = 119*h - 1301. Calculate z(11).
8
Let i(k) = 4*k**3 + 7*k**2 - 12*k - 20. Give i(-3).
-29
Let t(m) = -64*m**2 + 787*m - 13. Calculate t(12).
215